
Is 18 a factor of 53873?
False
Is 26 a factor of 2640?
False
Does 14 divide 18503?
False
Is 251 a factor of 116372?
False
Does 12 divide 19077?
False
Does 89 divide 1251?
False
Does 171 divide 6251?
False
Does 18 divide 9832?
False
Is 168 a multiple of 12?
True
Is 8 a factor of 399?
False
Is 414 a multiple of 8?
False
Is 322 a multiple of 22?
False
Is 4 a factor of 214?
False
Is 59 a factor of 413?
True
Is 20798 a multiple of 4?
False
Is 17 a factor of 3468?
True
Is 5031 a multiple of 39?
True
Is 342 a multiple of 6?
True
Is 26 a factor of 182?
True
Does 92 divide 14076?
True
Does 9 divide 99?
True
Is 15386 a multiple of 8?
False
Is 799 a multiple of 29?
False
Does 29 divide 808?
False
Is 22 a factor of 9504?
True
Is 22899 a multiple of 30?
False
Is 1290 a multiple of 11?
False
Does 30 divide 97800?
True
Is 13 a factor of 4407?
True
Does 24 divide 189?
False
Is 1180 a multiple of 19?
False
Is 10 a factor of 301?
False
Is 637 a multiple of 29?
False
Is 402 a multiple of 2?
True
Does 123 divide 8487?
True
Does 6 divide 13244?
False
Is 8008 a multiple of 3?
False
Is 11 a factor of 185?
False
Is 31 a factor of 2077?
True
Is 2532 a multiple of 12?
True
Is 34 a factor of 408?
True
Does 17 divide 6426?
True
Is 11 a factor of 439?
False
Is 1085 a multiple of 35?
True
Does 250 divide 16007?
False
Is 64276 a multiple of 269?
False
Is 82 a factor of 22222?
True
Is 3 a factor of 1275?
True
Does 25 divide 3880?
False
Is 702 a multiple of 54?
True
Is 20293 a multiple of 13?
True
Is 29 a factor of 7221?
True
Does 17 divide 8347?
True
Is 3 a factor of 36?
True
Is 214 a multiple of 2?
True
Is 34 a factor of 952?
True
Is 22 a multiple of 2?
True
Is 48 a factor of 8602?
False
Is 63 a factor of 5514?
False
Is 15 a factor of 2065?
False
Is 20 a factor of 676?
False
Is 10 a factor of 2469?
False
Does 154 divide 111069?
False
Is 48 a factor of 403?
False
Does 63 divide 71866?
False
Is 9746 a multiple of 22?
True
Is 30 a factor of 780?
True
Is 14337 a multiple of 33?
False
Is 55380 a multiple of 13?
True
Is 93 a multiple of 2?
False
Does 3 divide 786?
True
Is 38 a factor of 1026?
True
Is 16 a factor of 37040?
True
Does 13 divide 598?
True
Is 2060 a multiple of 103?
True
Is 23 a factor of 851?
True
Is 3 a factor of 84?
True
Is 26 a multiple of 23?
False
Is 48060 a multiple of 45?
True
Does 6 divide 332?
False
Is 38 a factor of 114?
True
Is 120 a factor of 49107?
False
Is 20 a factor of 7213?
False
Is 6699 a multiple of 11?
True
Is 400 a multiple of 15?
False
Is 14 a factor of 8918?
True
Does 29 divide 570?
False
Does 17 divide 3065?
False
Is 10 a factor of 643?
False
Is 16799 a multiple of 107?
True
Does 13 divide 338?
True
Does 19 divide 247?
True
Does 6 divide 2257?
False
Is 1150 a multiple of 46?
True
Is 10088 a multiple of 8?
True
Is 30283 a multiple of 13?
False
Does 20 divide 2740?
True
Does 5 divide 4243?
False
Is 874 a multiple of 13?
False
Is 2250 a multiple of 25?
True
Is 273 a multiple of 39?
True
Does 81 divide 3157?
False
Does 44 divide 14613?
False
Is 137 a factor of 50022?
False
Does 61 divide 588?
False
Does 12 divide 408?
True
Is 12 a factor of 15628?
False
Is 3220 a multiple of 28?
True
Is 50601 a multiple of 303?
True
Is 1282 a multiple of 8?
False
Does 12 divide 84?
True
Is 6254 a multiple of 118?
True
Is 9152 a multiple of 11?
True
Does 17 divide 7752?
True
Is 24 a factor of 96?
True
Is 5 a factor of 740?
True
Is 17 a factor of 255?
True
Is 10 a factor of 722?
False
Does 81 divide 1181?
False
Does 251 divide 9115?
False
Is 4 a factor of 1436?
True
Is 120 a factor of 4018?
False
Is 372 a multiple of 5?
False
Is 60 a factor of 559?
False
Is 835 a multiple of 52?
False
Is 428 a multiple of 4?
True
Is 3228 a multiple of 135?
False
Does 18 divide 1494?
True
Is 32 a factor of 42337?
False
Is 717 a multiple of 38?
False
Is 40 a factor of 400?
True
Is 27 a factor of 212?
False
Is 403 even?
False
Does 28 divide 16700?
False
Is 3 a factor of 831?
True
Is 67 a factor of 4958?
True
Is 113 a multiple of 13?
False
Is 15358 a multiple of 3?
False
Does 10 divide 1156?
False
Is 30987 a multiple of 19?
False
Is 30 a factor of 191?
False
Is 32 a factor of 8194?
False
Is 13 a factor of 2106?
True
Does 22 divide 330?
True
Is 7744 a multiple of 65?
False
Is 9986 a multiple of 6?
False
Is 11 a factor of 79?
False
Is 2388 a multiple of 19?
False
Is 26473 a multiple of 230?
False
Is 7 a factor of 35?
True
Is 11 a factor of 179?
False
Does 113 divide 24965?
False
Is 8 a multiple of 8?
True
Is 1836 a multiple of 54?
True
Is 4807 a multiple of 20?
False
Is 2284 a multiple of 64?
False
Is 7695 a multiple of 70?
False
Is 10 a factor of 26889?
False
Does 63 divide 198828?
True
Does 11 divide 66?
True
Is 18748 a multiple of 172?
True
Is 15 a factor of 315?
True
Is 51722 a multiple of 9?
False
Is 14 a factor of 13732?
False
Is 8 a factor of 26410?
False
Is 668 a multiple of 12?
False
Does 35 divide 1167?
False
Does 59 divide 6136?
True
Does 147 divide 84131?
False
Is 1609 a multiple of 57?
False
Is 9718 a multiple of 43?
True
Does 69 divide 1203?
False
Is 8 a factor of 472?
True
Is 12 a multiple of 2?
True
Is 9 even?
False
Does 51 divide 87905?
False
Is 57 a factor of 5017?
False
Does 86 divide 1548?
True
Does 12 divide 7183?
False
Is 30733 a multiple of 73?
True
Is 23556 a multiple of 12?
True
Is 13 a factor of 2652?
True
Does 66 divide 835?
False
Does 5 divide 3514?
False
Does 29 divide 261?
True
Is 88 a factor of 31240?
True
Is 7090 a multiple of 8?
False
Does 5 divide 1315?
True
Does 6 divide 416?
False
Does 17 divide 2941?
True
Does 62 divide 17980?
True
Is 102 a factor of 3774?
True
Does 35 divide 5740?
True
Does 43 divide 8754?
False
Is 48 a factor of 1017?
False
Is 6 a factor of 11?
False
Is 49 a factor of 52283?
True
Is 5 a factor of 4899?
False
Does 45 divide 48735?
True
Is 18 a factor of 243?
False
Does 19 divide 9044?
True
Is 42 a factor of 6804?
True
Is 1529 a multiple of 6?
False
Is 10 a factor of 3440?
True
Is 5 a factor of 609?
False
Is 35542 a multiple of 26?
True
Is 12 a factor of 276?
True
Does 32 divide 1436?
False
Does 13 divide 922?
False
Is 1683 a multiple of 11?
True
Does 9 divide 27?
True
Is 16759 a multiple of 20?
False
Is 19 a factor of 29998?
False
Is 42 a factor of 62?
False
Does 35 divide 48?
False
Is 12618 a multiple of 129?
False
Does 59 divide 5713?
False
Is 96 a multiple of 4?
True
Does 17 divide 10047?
True
Does 71 divide 324?
False
Does 30 divide 1170?
True
Is 4119 a multiple of 138?
False
Does 5 divide 605?
True
Is 5100 a multiple of 85?
True
Is 12 a factor of 26467?
False
Is 1056 a multiple of 44?
True
Is 29 a factor of 51185?
True
Does 5 divide 145?
True
Does 116 divide 6844?
True
Is 4140 a multiple of 46?
True
Is 4714 a multiple of 165?
False
Is 8 a factor of 488?
True
Is 300 a multiple of 30?
True
Is 14 a factor of 45504?
False
Is 1920 a multiple of 15?
True
Is 24 a factor of 466?
False
Is 67 a factor of 1675?
True
Is 3198 a multiple of 22?
False
Is 24 a factor of 1229?
False
Is 3831 a multiple of 171?
False
Is 85 a multiple of 17?
True
Does 10 divide 2244?
False
Is 548 a multiple of 137?
True
Is 5 a factor of 2720?
True
Is 10 a factor of 729?
False
Is 645 a multiple of 43?
True
Does 31 divide 4743?
True
Is 5 a factor of 2548?
False
Does 360 divide 11456?
False
Is 335 a factor of 30150?
True
Is 6698 a multiple of 34?
True
Does 90 divide 2232?
False
Is 16 a factor of 880?
True
Is 690 a multiple of 125?
False
Is 152 a factor of 3696?
False
Is 12266 a multiple of 33?
False
Is 14 a factor of 15442?
True
Does 10 divide 960?
True
Is 24 a factor of 43835?
False
Is 107 a factor of 1498?
True
Is 165 a factor of 55770?
True
Is 43662 a multiple of 26?
False
Is 25 a factor of 425?
True
Is 21 a factor of 8154?
False
Is 35 even?
False
Is 28 a factor of 878?
False
Is 35 a factor of 4760?
True
Is 38 a factor of 418?
True
Does 34 divide 7310?
True
Is 54 a multiple of 27?
True
Is 1528 a multiple of 231?
False
Is 2 a factor of 157?
False
Is 10640 a multiple of 39?
False
Is 52 a factor of 2756?
True
Does 29 divide 87?
True
Does 32 divide 85312?
True
Is 114 a factor of 36252?
True
Is 111 a factor of 5010?
False
Is 73 a factor of 18709?
False
Does 19 divide 66?
False
Does 4 divide 1140?
True
Does 5 divide 1170?
True
Is 119 a factor of 31535?
True
Does 18 